ivative of -k**3/3 - k**2/2 + 2*k. What is the units digit of q(-3)?
5
Let w(d) = -4*d**2 - d + 2. Let g be w(2). What is the tens digit of (-4 - g)/(1 - 0)?
1
Suppose b + 1 = 14. What is the tens digit of b?
1
Let c = 84 + -37. What is the tens digit of c?
4
Let u(q) = q**2 + 11*q + 8. Let k be u(-9). Let p be (4/8)/((-1)/k). Suppose p*t = 5*v - 25, -4*t - t - 4 = -2*v. What is the units digit of v?
7
Let y = -1 + 6. Let h = -4 + y. Let j = h + 2. What is the units digit of j?
3
Suppose i + i - 8 = 0. What is the units digit of i?
4
Suppose 5 = 5*h, t - 9 - 30 = 3*h. What is the tens digit of t?
4
Let l be 2/(-6) + (-10)/(-3). Suppose -52 = -5*d - l*i, d - 4*d + 35 = -2*i. What is the tens digit of d?
1
Let r = -8 + 9. What is the tens digit of 25 - 3 - (r + 0)?
2
Let s(m) = -m**3 + 4*m**2 + 3. Let o(u) = u**3 + 4*u**2. Let w be o(-4). Let k(z) = -z + 4. Let r be k(w). What is the units digit of s(r)?
3
Let u(s) = s**2 + 3. Let k be u(0). Suppose -k*p = p - 16. What is the units digit of p?
4
Suppose -s = -39 + 2. What is the tens digit of s?
3
What is the tens digit of (5/(-10))/(5/(-890))?
8
Suppose 2*p + 12 = 104. What is the units digit of p?
6
Suppose p + 5 = 0, 2*x - 5*p + 6*p - 579 = 0. What is the tens digit of x?
9
Suppose -a + 86 = n, -82 = -a + 4*n - n. What is the units digit of a?
5
Let y = 163 - 66. What is the units digit of y?
7
Suppose 0 = -3*b + 5*g + 95, -4*g + 146 = 5*b - 0. Suppose 19 = l - x - b, -196 = -4*l + x. What is the units digit of l?
9
Suppose 12*s - s = 3091. What is the hundreds digit of s?
2
Let z = -12 + 20. Suppose z = 4*p, -5*s + 119 = -0*s - 3*p. What is the tens digit of s?
2
Let y(i) = 2*i. Let s be y(6). What is the tens digit of (-1 + s)/(15 + -14)?
1
Suppose 0 = -13*w + 16*w - 582. What is the tens digit of w?
9
Let d(g) be the third derivative of g**5/30 + g**4/6 + 2*g**3/3 - 5*g**2. What is the units digit of d(-5)?
4
Suppose s - 6*s + 5 = 0. Let v be 2/1 + s + -3. Let n = 1 - v. What is the units digit of n?
1
Suppose 120 = 4*s - 0*s. Suppose b + s = 3*b. What is the tens digit of b?
1
Let z(x) = -15*x + 29. What is the tens digit of z(-9)?
6
Let u = -2 + 3. Let q(f) = 2*f - 6. Let s be q(5). Suppose s = o - u. What is the units digit of o?
5
Suppose -12*b + 15*b - 45 = 0. Suppose -b*o = -19*o + 112. What is the units digit of o?
8
Suppose 10*n = 5*n - 20. What is the units digit of (n - (-56)/2) + 2?
6
Let m = 12 + -7. Let d(r) = r**2 - 4*r - 3. What is the units digit of d(m)?
2
Let w = -4 - -26. Suppose -3*x = -x - w. What is the units digit of x?
1
Suppose -22 = -2*g + 3*v + 28, 5*g = -4*v + 125. Suppose -4*a = -20, 5*a + 5 = -l + g. Let b(z) = -z**2 - 6*z + 1. What is the units digit of b(l)?
6
Suppose -2*m + 6 = -0*m. Suppose v = -2*h + 10 + 6, -17 = -m*h + 2*v. What is the units digit of h?
7
Let u(s) = 2*s**2 + 3*s + 2. Let k be u(-2). What is the units digit of (2 + (-22)/k)*-6?
1
Let n = -151 - -215. What is the units digit of n?
4
What is the tens digit of ((-6)/12 - 4)/((-3)/64)?
9
Let y(z) = -z + z + z + 1. What is the units digit of y(0)?
1
Suppose 4*i - 9 - 39 = 0. Let z = -4 - -1. Let d = i - z. What is the units digit of d?
5
Suppose 148 = 2*h + 2*h. What is the units digit of h?
7
What is the units digit of 4/2 + 38 - -3?
3
Suppose 3*o - q = 165, 4*q - 31 = -o + 24. What is the units digit of o?
5
Let q be -3 + 1 - -83 - 0. What is the units digit of q/(-6)*(-4 + 2)?
7
Let i = 6 - 18. Let m = i - -18. What is the units digit of m?
6
Let t(i) = i**2 - 2*i - 2. Let o(g) = -g**3 + 6*g**2 + 2*g - 7. Let b be o(6). Let u = b + 0. What is the tens digit of t(u)?
1
What is the units digit of (-1 + 1 + 9)*(-132)/(-36)?
3
Let l(f) = f**3 + 31*f**2 - 33*f - 5. What is the units digit of l(-32)?
7
Suppose -3*z - 4*g - g + 22 = 0, -2*z + 3 = g. What is the tens digit of 35/14*(3 - z)?
1
Let o(k) = 10*k**2 - 25*k + 27. Let d(c) = 3*c**2 - 8*c + 9. Let i(t) = 7*d(t) - 2*o(t). Let h be i(6). Suppose 3 = 2*b - h. What is the units digit of b?
6
Let s = 145 - 76. What is the units digit of s?
9
Let p(x) = -2*x**3 + 2*x**2 + 2. What is the units digit of p(-2)?
6
Suppose 2*a + 36 = 4*d, 0 = 2*d - 3*d + 5. Let x = a - -16. What is the units digit of x?
8
Suppose 20 + 3 = n. What is the tens digit of n?
2
Suppose -3*p + 48 = -30. What is the units digit of p?
6
Suppose -t - 4 = 0, -5*b + 373 = -3*t + t. What is the tens digit of b?
7
Suppose -5*m = -5 - 5. What is the units digit of m?
2
Suppose 4*a = -2*r - r + 17, 4*r = 3*a + 6. Suppose -5 = -a*q + 27. What is the units digit of q?
6
Let i be 8/2 - (-2 + 2). Suppose -4*q + 4*r - 4 = 0, i*q + r = 4*r + 1. Suppose -25 = -5*n + 2*u + 3*u, 0 = q*u + 12. What is the units digit of n?
2
Let k(r) = -2*r**3 - 3*r**2 - 12*r - 7. What is the tens digit of k(-5)?
2
Let j be (-20)/(-3)*(-6)/(-5). Let b be -2 + (-2 - (-3 + 6))*-3. Suppose 3*m - b = j. What is the units digit of m?
7
Let y(t) = 2*t**2 - 2. Let f be y(2). Let c be -2*3/f + -9. Let u = 20 + c. What is the units digit of u?
0
Let f be 2*(-3)/6*-8. Suppose 4*i - f = -0*i. What is the units digit of 2*4 + i + -5?
5
Let l(i) = i**3 - 2*i**2 + 2*i. What is the tens digit of l(3)?
1
Let y = 16 - -59. What is the units digit of y?
5
Suppose 3*z - 95 = 94. What is the tens digit of z?
6
Let y(f) = -f**2 + 3. Let t be y(-3). Let m = -1 - t. What is the units digit of m?
5
Let t(c) = c**3 + 7*c**2 + 7*c + 2. Let v be t(-5). Suppose 4*u = f - v, f - 2*u = -3*u + 17. What is the tens digit of f?
1
Let h = 7 - 4. Suppose -4*a + 5 + 7 = 0. Suppose 0 = -4*g + 2*s + 52, 0 = -a*g - s + 47 - h. What is the units digit of g?
4
Let h be (-37)/2 - (-27)/(-18). Let w = h + 28. What is the units digit of w?
8
Let b = 5 + -8. Let r(z) = -z**3 - 4*z**2 - 4*z - 3. Let x be r(b). Suppose -2*f + x*f = -14. What is the units digit of f?
7
Let n(b) = b**3 - 6*b**2 + 6*b + 5. Let g = -5 + -3. Let r be 3/((-1)/1) - g. What is the units digit of n(r)?
0
Let z(a) = -3*a**3 - 15*a**2 - 13*a + 8. What is the units digit of z(-6)?
4
Let x(s) = 3*s**3 - s**2 - 3. What is the tens digit of x(2)?
1
Let c(s) = 7*s**3 + 17*s**2 + 10*s + 7. Let a(z) = 11*z**3 + 26*z**2 + 15*z + 10. Let r(w) = -5*a(w) + 8*c(w). What is the units digit of r(-5)?
6
Let h(v) = -v**2 - 2*v + 3. Let i be h(-3). Suppose 4*r + r + 45 = i. Let y = r + 12. What is the units digit of y?
3
Let u = 4 + 10. What is the tens digit of u?
1
Suppose -2*m + 72 = -36. Suppose -9*i + m = -7*i. What is the tens digit of i?
2
What is the tens digit of 2 + (2 - 3) - -76?
7
Let a(k) = 3*k + k + 2 + 4 - 3*k**2 + 2*k**2. Let h(c) = c**2 - 4*c - 5. Let f(i) = -5*a(i) - 6*h(i). What is the units digit of f(3)?
3
Suppose -4*t = -t - 78. What is the tens digit of t?
2
Suppose 0 = o + 4*o + 5*i - 10, -4*i = 5*o - 10. Let b(j) = -1 - j - j**2 - 2*j - 8*j**3 + 2*j + o*j**2. What is the units digit of b(-1)?
9
Let f(g) = -g**3 - 22*g**2 - 3*g - 8. What is the units digit of f(-22)?
8
Let p = 0 + 0. Suppose p = -4*c + 7 + 5. Suppose -c*b - 3 = -4*b. What is the units digit of b?
3
Let u(o) be the first derivative of o**2/2 + 8*o + 14. Suppose 0 = 2*v + 15 - 1. What is the units digit of u(v)?
1
Let r(o) = -o**3 - 3*o**2 + 4*o + 6. Let b(m) = -4*m**2 - m - 1. Let u(v) = v - 6. Let x be u(5). Let w be b(x). What is the units digit of r(w)?
6
Suppose -2*k = 3*k - 75. Suppose 0 = 2*o - k + 5. Suppose -o*l + 25 = 5. What is the units digit of l?
4
Suppose -2*b - 17 = b - 4*d, 3*b - 1 = -5*d. Let c = b + 7. What is the units digit of c?
4
Suppose 5*l - 36 = -6. What is the units digit of l?
6
Suppose 2*f - 5*v + v = 12, f + 5*v + 1 = 0. Suppose 0 = -f*s + 51 + 21. What is the units digit of s?
8
Suppose -6*k + k = 3*z - 55, -k + 4*z + 11 = 0. Let u = k - 6. Suppose t + 12 = u*t. What is the units digit of t?
3
Suppose -2*x + 21 = -41. What is the tens digit of x?
3
Let i(d) = -2*d**3 - 9*d**2 + 11. What is the units digit of i(-6)?
9
Let m = 40 - 12. What is the units digit of m?
8
Let f(s) = s + 16. Let g be f(0). Suppose -6*n = -2*n - g. Suppose -n*o - 2*l = -2*o - 14, -3*l = -3. What is the units digit of o?
6
Suppose 0 = -p + 4. Suppose -2*w + 30 = -3*c, -5*w + 0*w + 82 = -p*c. What is the units digit of w?
8
Suppose -z - 11 = -3*q, 2*z = -2*q - 4 - 2. Let t = 40 - z. Suppose -4*f + k + 